p(2). Suppose -u - z = -3*u. Suppose 31 = 2*v - l, 4*l = u*v - v - 68. What is the tens digit of v?
1
Suppose 0 = 6*n - 390 - 2244. Suppose -5 - n = -4*g. What is the units digit of g?
1
Let m = 108 + -50. Suppose 5*f - 36 = -16. Suppose 0*u + 2*u = f*b - m, -3*u = b - 18. What is the units digit of b?
5
Suppose -5*k + 2*y = 3*y - 2677, 0 = 2*k - y - 1075. What is the hundreds digit of k?
5
Suppose 0 = -i + 3731 - 215. What is the thousands digit of i?
3
Let x(s) = s**2 - 15*s + 366. What is the thousands digit of x(-27)?
1
Let u = -21 + 24. Let b(a) = -2 + 0*a**2 + 8*a - 5*a**2 + u*a**2 - 1. What is the units digit of b(3)?
3
Let c(t) = -t**3 + 8*t**2 + 2*t + 9. Let u be c(6). Suppose 3*l - s - 79 - 178 = 0, -4*s = -l + u. What is the tens digit of l?
8
Let b = -19 - 17. Let d = -9 - b. What is the tens digit of d?
2
Let p be (-4)/(48/(-20) - -2). Let f(z) = -z**3 - 5*z - 2*z + 6 + p - 11 + 9*z**2. What is the tens digit of f(7)?
5
Suppose 32*q - 17*q = 4380. What is the hundreds digit of q?
2
What is the tens digit of (5 - 1)*(-51)/(-68) - -122?
2
Suppose -10 = -2*c + l, 2 = 3*c + 3*l + 5. Suppose 3*q = -4*b + 75, -7*q - b = -c*q - 87. What is the units digit of q?
1
Let f(x) = x**3 - 3*x**2 - 3*x. Let z be f(4). Suppose -30 = -j - z*w, j - 5*w - 141 = -3*j. Let y = -21 + j. What is the tens digit of y?
1
Let y(z) = -2*z**2 - 59*z - 8. What is the tens digit of y(-25)?
1
Suppose -5*b + 255 = k, 5*b + 0*k - 2*k - 270 = 0. Suppose 178 + b = 5*a. What is the tens digit of a?
4
Let o = 17 - 17. Let b be (o*(-3)/(-6))/(-1). Suppose b = 5*s - 3*d - d - 148, -s = 3*d - 41. What is the units digit of s?
2
What is the thousands digit of (-8)/(-28) - 14361*(-10)/105?
1
Let c(v) = v**3 + 14*v**2 + 14*v + 5. Let j be c(-13). Let w = -5 - j. Suppose -w*l = l - 60. What is the tens digit of l?
1
Let p(y) = 42*y**2 + y - 2. Let v be -4*((-2)/1)/8. What is the units digit of p(v)?
1
Let u be (-4)/10 - (-291)/15. Suppose 21 = 11*b - 4*b. Suppose -102 = -2*v - b*d, 3*v - 137 = -3*d + u. What is the tens digit of v?
5
What is the hundreds digit of (312/78)/((-930)/467 + 2)?
4
Let h be 1 - 112/(20/(-5)). Let s = h + 48. What is the tens digit of s?
7
Suppose -x + 6 = -1. Suppose 0 = u - f - x, -3*u - 3 + 9 = 2*f. What is the tens digit of u/(-2) - 1*-22?
2
Suppose 0 = 15*c - 7252 - 4418. What is the tens digit of c?
7
Let k(f) = f**2 + 5*f - 2. Let v be k(-6). Suppose 3*c + 45 = 2*w, 3*w - 2*w + 71 = -v*c. Let p = 39 + c. What is the units digit of p?
2
Suppose -h - 2*v = -7, 3*h + 0*v = -2*v + 37. What is the units digit of (10/h)/(((-6)/(-963))/1)?
7
Suppose 0 = -3*a + i + 1963, 4*a = -0*a + 5*i + 2610. What is the tens digit of a?
5
Let x(u) = u**3 - 5*u**2 + 4*u - 4. Let z be x(2). Let p(i) = -i**3 - 11*i**2 - 12*i - 3. Let s be p(z). What is the units digit of s/(-12) + 18/24?
9
Let g = -11167 + 15936. What is the thousands digit of g?
4
Let y(m) = 46*m**2 - 7*m + 11. What is the units digit of y(2)?
1
Suppose 0 = 3*t - 9 - 15. Let j = 53 + t. What is the units digit of j?
1
Suppose r + 3*u - 1281 - 1301 = 0, r - 2*u = 2577. What is the units digit of r?
9
Suppose 4 = 3*c - 2. Let k(j) = 1 + 3*j**3 + 0*j + 0*j - 3*j**c - 2*j**3. What is the units digit of k(4)?
7
Let o(u) = -u**3 - 9*u**2 + 5*u + 10. Suppose 26 = -3*d - 4. What is the units digit of o(d)?
0
Let q = 76 + -82. What is the units digit of 3/q + 850/4?
2
Suppose 4*q + 4*o = 228, -2*o - 3*o = 4*q - 228. What is the units digit of q?
7
Let n(y) = y**3 + 5*y**2 + 4*y + 7. Let k be n(-4). Let m(o) = -4*o - 3*o**2 + 0*o + 11 + 4*o**2 - 4*o. What is the units digit of m(k)?
4
Let x be ((-3)/(-3))/((-4)/(-20)). Let t(y) = -y**3 + 2*y**2 - y + 2. Let o be t(2). Suppose 4*p + o*m - 58 = 5*m, -x*p + 83 = -m. What is the units digit of p?
7
Let x(y) = -y**2 + 2*y - 3. Let j(c) = -2*c**2 + 5*c - 6. Let a(o) = -3*j(o) + 5*x(o). What is the tens digit of a(-4)?
3
Let m(o) = -o**3 + 17*o**2 - 20*o - 14. Let d be m(14). Suppose 3*t = -0*t + d. Let b = -65 + t. What is the units digit of b?
3
Suppose 2*r - 8 = -0*r. Let s = 19 + -17. What is the tens digit of ((-170)/(-20))/(s/r)?
1
Let s be (-10)/(0 - (-4)/8). What is the units digit of 11/2 + (-30)/s?
7
Let v = 1136 + -730. What is the units digit of v?
6
Let h = -12 - -1475. What is the units digit of h?
3
Let s = -20 - -24. Let g be 2 + (-1 - (s + -8)). Suppose 2*n - 7 = -3*o, n + 2*n - 39 = g*o. What is the units digit of n?
8
Suppose -3*l = -7*l + 4. Let q be -1*8/(l + 1). What is the tens digit of 161/4 - q/(-16)?
4
Let a(k) = -3*k - 17. Suppose -3*m - 2 = 25. What is the units digit of a(m)?
0
Let n(u) = -10*u**3 + 4*u**2 + 5*u + 8. What is the hundreds digit of n(-4)?
6
Suppose -a - 218 = 2*r, 0 = 5*r - 6*r + 2. Let u = -2 - a. What is the units digit of u?
0
Suppose -37*c + 3*c = -73202. What is the hundreds digit of c?
1
Let j be 4*1 - (3 - 6). Suppose s = 5*q - 4, 3*s - 53 = -5*q + j*q. What is the tens digit of s?
2
Let k(i) = i**2 + 27*i - 26. What is the tens digit of k(22)?
5
Suppose -5*f - 73 = -2*x + 11, 4*x - 4*f - 144 = 0. Suppose -2*i + x = -n - 5*i, 4*i - 54 = 2*n. Let r = -19 - n. What is the units digit of r?
0
Let n(g) = g**3 - 2*g**2 - 2*g + 73. What is the tens digit of n(10)?
5
Suppose 2*n = d - 5, -3*d + 0*n + 7 = 2*n. Suppose 0 = -c - 5*l + 44, -2*c + d*l + l + 102 = 0. Let z = c + -28. What is the tens digit of z?
2
Suppose -5*z + 2702 = -2*m - m, 4*m - 545 = -z. What is the hundreds digit of z?
5
Let f = -1946 - -2829. What is the units digit of f?
3
Let b(x) = x**3 + 15*x**2 + 12*x - 13. What is the hundreds digit of b(11)?
2
Suppose 0 = z - 4*z + 15. Suppose 3*r - 4*b - 12 = 280, 3*r - z*b = 287. What is the tens digit of r?
0
Let s(c) = -5*c + 1. Let u = -6 - -9. Suppose -3*b = -2*o + 3*o + 28, 44 = -4*b - u*o. What is the units digit of s(b)?
1
Suppose v - 2*v = 0. What is the tens digit of 4/(v + (-1)/(-20))?
8
Let z(p) = -3*p**3 + 13*p**2 - 3*p + 1. What is the hundreds digit of z(-6)?
1
Let c = 0 - -4. Let b(n) = -1 + 5*n + 14*n + c*n + 0*n. What is the tens digit of b(1)?
2
What is the tens digit of 149 - (4 - 5)/(-1)?
4
Suppose -15*r + 39*r - 14976 = 0. What is the tens digit of r?
2
Let t be 2*(6/(-8) - 44/(-16)). Suppose 484 = 4*g + g - h, 0 = 4*g - t*h - 384. What is the units digit of g?
7
Let c(u) = -3*u + 56 + u**3 + 3 + 56. What is the units digit of c(0)?
5
Let w = 13 + -13. Suppose w = 5*o, u - 6*u + o - 40 = 0. Let d = u - -22. What is the units digit of d?
4
Suppose -b - 5*l + 69 = 0, 2*l - 89 - 144 = -3*b. Suppose -1 + b = 6*n. What is the units digit of n?
3
Let l = 45 - -13. Suppose 2*u - l = -8. What is the units digit of u?
5
Let k be (3/(-2) + 2)*-84. Let s be 51/7 + 12/k. Suppose -d + s = -0*d. What is the units digit of d?
7
Suppose -6*w - w - 6491 = -5*a, 5*w + 5194 = 4*a. What is the thousands digit of a?
1
Suppose 76 + 184 = 2*g. Suppose 65 + g = 5*w. What is the tens digit of w?
3
Suppose 3*k - h = 4*k - 2, 0 = -5*k - 2*h + 16. Suppose -120 = -k*b + b. Suppose -7*w + 2*w + b = 0. What is the units digit of w?
8
Let q = -5 + 7. Suppose 2*a = -a + 4*x + 130, -2*a + 110 = q*x. What is the units digit of a?
0
Suppose -3*f + 5*p = -0*p - 2996, 4*f + 3*p = 4014. What is the thousands digit of f?
1
What is the tens digit of ((-2352)/(-20))/((-104)/(-20) - 5)?
8
Let w(x) be the first derivative of -7*x**2 + 4*x - 4. What is the units digit of w(-6)?
8
Let h(p) = -11*p**2 + 5*p - 4. Let j be h(3). Let n = j - -131. What is the units digit of n?
3
Suppose 17*r - 15042 = 13*r - 2*w, 5*r = -2*w + 18804. What is the tens digit of r?
6
Let l = -87 - -90. Suppose 0 = 4*i - l*i - 122. What is the hundreds digit of i?
1
Suppose 27 = 5*o - 2*n, -5*o + n = 6 - 37. What is the units digit of (4/(-12))/((14/(-156))/o)?
6
Let f(v) = v**3 + 2*v**2 - 6*v - 6. Let p be f(-4). Let u = p - -17. What is the units digit of u?
3
Suppose 0 = -11*o + 16*o + 2*q - 31, 2*o = -4*q + 22. Suppose -v - i = -0*i - 25, 3*v - o*i - 67 = 0. What is the tens digit of v?
2
Let o be 10365/135 - (-4)/18. Let z be -5*(92/(-10) - 0). Let f = o - z. What is the units digit of f?
1
What is the units digit of (-6 - (-972)/42)*126/12?
0
Let m(l) = 11*l - 4 + 535*l**2 - 6 + 3*l - 533*l**2. Let y(t) = t**3 - t**2 - t + 1. Let g be y(-2). What is 